{"id":4645,"date":"2022-09-15T23:06:48","date_gmt":"2022-09-15T23:06:48","guid":{"rendered":"https:\/\/fietsenverhuurschiermonnikoog.com\/links\/sonstige\/"},"modified":"2023-03-20T11:20:43","modified_gmt":"2023-03-20T11:20:43","slug":"sonstige","status":"publish","type":"page","link":"https:\/\/fietsenverhuurschiermonnikoog.com\/de\/links\/sonstige\/","title":{"rendered":"Sonstige"},"content":{"rendered":"<p>[vc_row tm_bgimagefixed=&#8220;&#8220;][vc_column tm_shadow=&#8220;yes&#8220; width=&#8220;1\/2&#8243;]<div class=\"tm-sbox tm-sbox-iconalign-without-icon none tm-sbox-bgcolor-transparent tm-bgcolor-transparent tm-sbox-textcolor- tm-textcolor- tm-sbox-isize-md tm-sbox-isize-md tm-sbox-istyle-none vc_custom_1679311123715 tm-sbox-both-headings\"><section class=\"tm-vc_cta3-container\"><div class=\"tm-vc_general tm-vc_cta3 tm-vc_cta3-align-left tm-vc_cta3-icon-size-md tm-vc_cta3-icons-withouticon tm-vc_cta3-actions-no\"><div class=\"tm-vc_cta3_content-container\"><div class=\"tm-vc_cta3-content\"><div class=\"tm-vc_cta3-content-header tm-wrap\"><div class=\"tm-vc_cta3-headers tm-wrap-cell\"><h2 class=\"tm-custom-heading \" >Reactief<\/h2>\n<h4 class=\"tm-custom-heading \" >Bietet sportliche Aktivit\u00e4ten f\u00fcr Gruppen an Standorten<\/h4>\n<\/div><\/div><\/div><div class=\"tm-cta3-desc-btn-wrapper\"><div class=\"tm-cta3-description\"><div class=\"tm-cta3-content-wrapper\"><p><a href=\"https:\/\/www.reactief-buitensport.nl\/\" target=\"_blank\" rel=\"noopener\"><img loading=\"lazy\" decoding=\"async\" class=\"wp-image-3530 alignright\" src=\"https:\/\/fietsenverhuurschiermonnikoog.com\/wp-content\/uploads\/2022\/09\/reactief.jpg\" alt=\"\" width=\"200\" height=\"32\" \/><\/a>Ab dem 1. April sind wir jeden Tag am Strand auf dem Westerhofpad. We verwelkomen U graag voor een van onze activiteiten of een drankje.<\/p><\/div><\/div><\/div><\/div><\/div><\/section><\/div>[\/vc_column][vc_column tm_shadow=&#8220;yes&#8220; width=&#8220;1\/2&#8243;]<div class=\"tm-sbox tm-sbox-iconalign-without-icon none tm-sbox-bgcolor-transparent tm-bgcolor-transparent tm-sbox-textcolor- tm-textcolor- tm-sbox-isize-md tm-sbox-isize-md tm-sbox-istyle-none vc_custom_1679311214214 tm-sbox-both-headings\"><section class=\"tm-vc_cta3-container\"><div class=\"tm-vc_general tm-vc_cta3 tm-vc_cta3-align-left tm-vc_cta3-icon-size-md tm-vc_cta3-icons-withouticon tm-vc_cta3-actions-no\"><div class=\"tm-vc_cta3_content-container\"><div class=\"tm-vc_cta3-content\"><div class=\"tm-vc_cta3-content-header tm-wrap\"><div class=\"tm-vc_cta3-headers tm-wrap-cell\"><h2 class=\"tm-custom-heading \" >Buitengewoon Events<\/h2>\n<h4 class=\"tm-custom-heading \" >F\u00fcr alle Ihre Aktivit\u00e4ten, Betriebsausfl\u00fcge oder ma\u00dfgeschneiderte Events in den n\u00f6rdlichen Niederlanden.<\/h4>\n<\/div><\/div><\/div><div class=\"tm-cta3-desc-btn-wrapper\"><div class=\"tm-cta3-description\"><div class=\"tm-cta3-content-wrapper\"><p><a href=\"https:\/\/schiermonnikoogfestival.nl\/\" target=\"_blank\" rel=\"noopener\"><img loading=\"lazy\" decoding=\"async\" class=\"alignright wp-image-3535 size-full\" src=\"https:\/\/fietsenverhuurschiermonnikoog.com\/wp-content\/uploads\/2022\/09\/buitengewoon.png\" alt=\"\" width=\"97\" height=\"97\" \/><\/a>Wir freuen uns darauf, Sie zu einer unserer Aktivit\u00e4ten oder einem Drink begr\u00fc\u00dfen zu d\u00fcrfen. Schiermonnikoog ist die kleinste niederl\u00e4ndische Watteninsel, aber sicherlich f\u00fcr gro\u00dfe Gruppen geeignet.<\/p><\/div><\/div><\/div><\/div><\/div><\/section><\/div>[\/vc_column][\/vc_row][vc_row][vc_column tm_shadow=&#8220;yes&#8220; width=&#8220;1\/2&#8243;]<div class=\"tm-sbox tm-sbox-iconalign-without-icon none tm-sbox-bgcolor-transparent tm-bgcolor-transparent tm-sbox-textcolor- tm-textcolor- tm-sbox-isize-md tm-sbox-isize-md tm-sbox-istyle-none vc_custom_1679311163929 tm-sbox-both-headings\"><section class=\"tm-vc_cta3-container\"><div class=\"tm-vc_general tm-vc_cta3 tm-vc_cta3-align-left tm-vc_cta3-icon-size-md tm-vc_cta3-icons-withouticon tm-vc_cta3-actions-no\"><div class=\"tm-vc_cta3_content-container\"><div class=\"tm-vc_cta3-content\"><div class=\"tm-vc_cta3-content-header tm-wrap\"><div class=\"tm-vc_cta3-headers tm-wrap-cell\"><h2 class=\"tm-custom-heading \" >Op Pad Schiermonnikoog<\/h2>\n<h4 class=\"tm-custom-heading \" >Entdecken Sie Schiermonnikoog zusammen mit Op Pad<\/h4>\n<\/div><\/div><\/div><div class=\"tm-cta3-desc-btn-wrapper\"><div class=\"tm-cta3-description\"><div class=\"tm-cta3-content-wrapper\"><p><a href=\"https:\/\/www.oppadschiermonnikoog.nl\/\"><img loading=\"lazy\" decoding=\"async\" class=\"alignright wp-image-3537\" src=\"https:\/\/fietsenverhuurschiermonnikoog.com\/wp-content\/uploads\/2022\/09\/oppad-300x200.png\" alt=\"\" width=\"200\" height=\"133\" srcset=\"https:\/\/fietsenverhuurschiermonnikoog.com\/wp-content\/uploads\/2022\/09\/oppad-300x200.png 300w, https:\/\/fietsenverhuurschiermonnikoog.com\/wp-content\/uploads\/2022\/09\/oppad.png 450w\" sizes=\"auto, (max-width: 200px) 100vw, 200px\" \/><\/a>Wir liefern eine Kantinentasche, die mit einer interaktiven Radroute und lokalen K\u00f6stlichkeiten gef\u00fcllt ist, und Sie radeln, entdecken und genie\u00dfen Sie.<\/p><\/div><\/div><\/div><\/div><\/div><\/section><\/div>[\/vc_column][vc_column tm_shadow=&#8220;yes&#8220; width=&#8220;1\/2&#8243;]<div class=\"tm-sbox tm-sbox-iconalign-without-icon none tm-sbox-bgcolor-transparent tm-bgcolor-transparent tm-sbox-textcolor- tm-textcolor- tm-sbox-isize-md tm-sbox-isize-md tm-sbox-istyle-none vc_custom_1679311184033 tm-sbox-both-headings\"><section class=\"tm-vc_cta3-container\"><div class=\"tm-vc_general tm-vc_cta3 tm-vc_cta3-align-left tm-vc_cta3-icon-size-md tm-vc_cta3-icons-withouticon tm-vc_cta3-actions-no\"><div class=\"tm-vc_cta3_content-container\"><div class=\"tm-vc_cta3-content\"><div class=\"tm-vc_cta3-content-header tm-wrap\"><div class=\"tm-vc_cta3-headers tm-wrap-cell\"><h2 class=\"tm-custom-heading \" >Alles rund ums Watt<\/h2>\n<h4 class=\"tm-custom-heading \" >Nat\u00fcrlich auf Schiermonnikoog!<\/h4>\n<\/div><\/div><\/div><div class=\"tm-cta3-desc-btn-wrapper\"><div class=\"tm-cta3-description\"><div class=\"tm-cta3-content-wrapper\"><p><a href=\"https:\/\/www.wadden.nl\/schiermonnikoog\" target=\"_blank\" rel=\"noopener\"><img loading=\"lazy\" decoding=\"async\" class=\"alignright wp-image-3539\" src=\"https:\/\/fietsenverhuurschiermonnikoog.com\/wp-content\/uploads\/2022\/09\/wadden.png\" alt=\"\" width=\"200\" height=\"102\" \/><\/a>Alles \u00fcber die Watte.<\/p><\/div><\/div><\/div><\/div><\/div><\/section><\/div>[\/vc_column][\/vc_row][vc_row][vc_column tm_shadow=&#8220;yes&#8220; width=&#8220;1\/2&#8243;]<div class=\"tm-sbox tm-sbox-iconalign-without-icon none tm-sbox-bgcolor-transparent tm-bgcolor-transparent tm-sbox-textcolor- tm-textcolor- tm-sbox-isize-md tm-sbox-isize-md tm-sbox-istyle-none vc_custom_1679311201166 tm-sbox-both-headings\"><section class=\"tm-vc_cta3-container\"><div class=\"tm-vc_general tm-vc_cta3 tm-vc_cta3-align-left tm-vc_cta3-icon-size-md tm-vc_cta3-icons-withouticon tm-vc_cta3-actions-no\"><div class=\"tm-vc_cta3_content-container\"><div class=\"tm-vc_cta3-content\"><div class=\"tm-vc_cta3-content-header tm-wrap\"><div class=\"tm-vc_cta3-headers tm-wrap-cell\"><h2 class=\"tm-custom-heading \" >Gemeente Schiermonnikoog<\/h2>\n<h4 class=\"tm-custom-heading \" >Gemeinde Schiermonnikoog<\/h4>\n<\/div><\/div><\/div><div class=\"tm-cta3-desc-btn-wrapper\"><div class=\"tm-cta3-description\"><div class=\"tm-cta3-content-wrapper\"><p><a href=\"https:\/\/www.schiermonnikoog.nl\/\" target=\"_blank\" rel=\"noopener\"><img loading=\"lazy\" decoding=\"async\" class=\"alignright wp-image-3541\" src=\"https:\/\/fietsenverhuurschiermonnikoog.com\/wp-content\/uploads\/2022\/09\/gemeente.png\" alt=\"\" width=\"200\" height=\"59\" \/><\/a>Auf unserer Website finden Sie Informationen \u00fcber die Gemeinde Schiermonnikoog, den Vorstand und die Organisation, Nachrichten und die kommunalen Produkte und Dienstleistungen.<\/p><\/div><\/div><\/div><\/div><\/div><\/section><\/div>[\/vc_column][vc_column tm_shadow=&#8220;yes&#8220; width=&#8220;1\/2&#8243;]<div class=\"tm-sbox tm-sbox-iconalign-without-icon none tm-sbox-bgcolor-transparent tm-bgcolor-transparent tm-sbox-textcolor- tm-textcolor- tm-sbox-isize-md tm-sbox-isize-md tm-sbox-istyle-none vc_custom_1663314549625 tm-sbox-both-headings\"><section class=\"tm-vc_cta3-container\"><div class=\"tm-vc_general tm-vc_cta3 tm-vc_cta3-align-left tm-vc_cta3-icon-size-md tm-vc_cta3-icons-withouticon tm-vc_cta3-actions-no\"><div class=\"tm-vc_cta3_content-container\"><div class=\"tm-vc_cta3-content\"><div class=\"tm-vc_cta3-content-header tm-wrap\"><div class=\"tm-vc_cta3-headers tm-wrap-cell\"><h2 class=\"tm-custom-heading \" >VVV Schiermonnikoog<\/h2>\n<h4 class=\"tm-custom-heading \" >VVV Schiermonnikoog<\/h4>\n<\/div><\/div><\/div><div class=\"tm-cta3-desc-btn-wrapper\"><div class=\"tm-cta3-description\"><div class=\"tm-cta3-content-wrapper\"><p><a href=\"https:\/\/www.vvvschiermonnikoog.nl\/\" target=\"_blank\" rel=\"noopener\"><img loading=\"lazy\" decoding=\"async\" class=\"alignright wp-image-3544 size-full\" src=\"https:\/\/fietsenverhuurschiermonnikoog.com\/wp-content\/uploads\/2022\/09\/vvv.webp\" alt=\"\" width=\"200\" height=\"67\" \/><\/a>VVV Schiermonnikoog.<\/p><\/div><\/div><\/div><\/div><\/div><\/section><\/div>[\/vc_column][\/vc_row][vc_row][vc_column tm_shadow=&#8220;yes&#8220; width=&#8220;1\/2&#8243;]<div class=\"tm-sbox tm-sbox-iconalign-without-icon none tm-sbox-bgcolor-transparent tm-bgcolor-transparent tm-sbox-textcolor- tm-textcolor- tm-sbox-isize-md tm-sbox-isize-md tm-sbox-istyle-none vc_custom_1679311238315 tm-sbox-both-headings\"><section class=\"tm-vc_cta3-container\"><div class=\"tm-vc_general tm-vc_cta3 tm-vc_cta3-align-left tm-vc_cta3-icon-size-md tm-vc_cta3-icons-withouticon tm-vc_cta3-actions-no\"><div class=\"tm-vc_cta3_content-container\"><div class=\"tm-vc_cta3-content\"><div class=\"tm-vc_cta3-content-header tm-wrap\"><div class=\"tm-vc_cta3-headers tm-wrap-cell\"><h2 class=\"tm-custom-heading \" >Jachthaven Schiermonnikoog<\/h2>\n<h4 class=\"tm-custom-heading \" >Wir freuen uns, Sie in unserem Hafen begr\u00fc\u00dfen zu d\u00fcrfen<\/h4>\n<\/div><\/div><\/div><div class=\"tm-cta3-desc-btn-wrapper\"><div class=\"tm-cta3-description\"><div class=\"tm-cta3-content-wrapper\"><p><a href=\"https:\/\/waddenhavenschiermonnikoog.nl\/\" target=\"_blank\" rel=\"noopener\"><img loading=\"lazy\" decoding=\"async\" class=\"aligncenter wp-image-3546\" src=\"https:\/\/fietsenverhuurschiermonnikoog.com\/wp-content\/uploads\/2022\/09\/blank.png\" alt=\"\" width=\"200\" height=\"163\" \/><\/a>Zu Beginn der Saison wurde der Hafen durch Pfl\u00fcgen in die Tiefe gebracht. Der Schlamm wird bei der Flut auf Strom gesetzt. Wir bem\u00fchen uns sicherzustellen, dass ein Meter Wasser bei Ebbe im Hafen verbleibt. Das sogenannte Charterfach ist etwas weniger tief und wird bei Ebbe auf etwa 50 cm gebracht. Wasser verbleibt bei Ebbe im gesamten Hafen.<\/p><\/div><\/div><\/div><\/div><\/div><\/section><\/div>[\/vc_column][vc_column tm_shadow=&#8220;yes&#8220; width=&#8220;1\/2&#8243;][\/vc_column][\/vc_row]<\/p>\n","protected":false},"excerpt":{"rendered":"<p>[vc_row tm_bgimagefixed=&#8220;&#8220;][vc_column tm_shadow=&#8220;yes&#8220; width=&#8220;1\/2&#8243;][\/vc_column][vc_column tm_shadow=&#8220;yes&#8220; width=&#8220;1\/2&#8243;][\/vc_column][\/vc_row][vc_row][vc_column tm_shadow=&#8220;yes&#8220; width=&#8220;1\/2&#8243;][\/vc_column][vc_column tm_shadow=&#8220;yes&#8220; width=&#8220;1\/2&#8243;][\/vc_column][\/vc_row][vc_row][vc_column tm_shadow=&#8220;yes&#8220; width=&#8220;1\/2&#8243;][\/vc_column][vc_column tm_shadow=&#8220;yes&#8220; width=&#8220;1\/2&#8243;][\/vc_column][\/vc_row][vc_row][vc_column tm_shadow=&#8220;yes&#8220; width=&#8220;1\/2&#8243;][\/vc_column][vc_column tm_shadow=&#8220;yes&#8220; width=&#8220;1\/2&#8243;][\/vc_column][\/vc_row]<\/p>\n","protected":false},"author":1,"featured_media":0,"parent":4611,"menu_order":0,"comment_status":"closed","ping_status":"closed","template":"","meta":{"footnotes":""},"class_list":["post-4645","page","type-page","status-publish","hentry"],"_links":{"self":[{"href":"https:\/\/fietsenverhuurschiermonnikoog.com\/de\/wp-json\/wp\/v2\/pages\/4645","targetHints":{"allow":["GET"]}}],"collection":[{"href":"https:\/\/fietsenverhuurschiermonnikoog.com\/de\/wp-json\/wp\/v2\/pages"}],"about":[{"href":"https:\/\/fietsenverhuurschiermonnikoog.com\/de\/wp-json\/wp\/v2\/types\/page"}],"author":[{"embeddable":true,"href":"https:\/\/fietsenverhuurschiermonnikoog.com\/de\/wp-json\/wp\/v2\/users\/1"}],"replies":[{"embeddable":true,"href":"https:\/\/fietsenverhuurschiermonnikoog.com\/de\/wp-json\/wp\/v2\/comments?post=4645"}],"version-history":[{"count":0,"href":"https:\/\/fietsenverhuurschiermonnikoog.com\/de\/wp-json\/wp\/v2\/pages\/4645\/revisions"}],"up":[{"embeddable":true,"href":"https:\/\/fietsenverhuurschiermonnikoog.com\/de\/wp-json\/wp\/v2\/pages\/4611"}],"wp:attachment":[{"href":"https:\/\/fietsenverhuurschiermonnikoog.com\/de\/wp-json\/wp\/v2\/media?parent=4645"}],"curies":[{"name":"wp","href":"https:\/\/api.w.org\/{rel}","templated":true}]}}

<p>[vc_row tm_bgimagefixed=&#8220;&#8220;][vc_column tm_shadow=&#8220;yes&#8220; width=&#8220;1/2&#8243;]<div class="tm-sbox tm-sbox-iconalign-without-icon none tm-sbox-bgcolor-transparent tm-bgcolor-transparent tm-sbox-textcolor- tm-textcolor- tm-sbox-isize-md tm-sbox-isize-md tm-sbox-istyle-none vc_custom_1679311123715 tm-sbox-both-headings"><section class="tm-vc_cta3-container"><div class="tm-vc_general tm-vc_cta3 tm-vc_cta3-align-left tm-vc_cta3-icon-size-md tm-vc_cta3-icons-withouticon tm-vc_cta3-actions-no"><div class="tm-vc_cta3_content-container"><div class="tm-vc_cta3-content"><div class="tm-vc_cta3-content-header tm-wrap"><div class="tm-vc_cta3-headers tm-wrap-cell"><h2 class="tm-custom-heading " >Reactief</h2>
<h4 class="tm-custom-heading " >Bietet sportliche Aktivitäten für Gruppen an Standorten</h4>
</div></div></div><div class="tm-cta3-desc-btn-wrapper"><div class="tm-cta3-description"><div class="tm-cta3-content-wrapper"><p><a href="https://www.reactief-buitensport.nl/" target="_blank" rel="noopener"><img loading="lazy" decoding="async" class="wp-image-3530 alignright" src="https://fietsenverhuurschiermonnikoog.com/wp-content/uploads/2022/09/reactief.jpg" alt="" width="200" height="32" /></a>Ab dem 1. April sind wir jeden Tag am Strand auf dem Westerhofpad. We verwelkomen U graag voor een van onze activiteiten of een drankje.</p></div></div></div></div></div></section></div>[/vc_column][vc_column tm_shadow=&#8220;yes&#8220; width=&#8220;1/2&#8243;]<div class="tm-sbox tm-sbox-iconalign-without-icon none tm-sbox-bgcolor-transparent tm-bgcolor-transparent tm-sbox-textcolor- tm-textcolor- tm-sbox-isize-md tm-sbox-isize-md tm-sbox-istyle-none vc_custom_1679311214214 tm-sbox-both-headings"><section class="tm-vc_cta3-container"><div class="tm-vc_general tm-vc_cta3 tm-vc_cta3-align-left tm-vc_cta3-icon-size-md tm-vc_cta3-icons-withouticon tm-vc_cta3-actions-no"><div class="tm-vc_cta3_content-container"><div class="tm-vc_cta3-content"><div class="tm-vc_cta3-content-header tm-wrap"><div class="tm-vc_cta3-headers tm-wrap-cell"><h2 class="tm-custom-heading " >Buitengewoon Events</h2>
<h4 class="tm-custom-heading " >Für alle Ihre Aktivitäten, Betriebsausflüge oder maßgeschneiderte Events in den nördlichen Niederlanden.</h4>
</div></div></div><div class="tm-cta3-desc-btn-wrapper"><div class="tm-cta3-description"><div class="tm-cta3-content-wrapper"><p><a href="https://schiermonnikoogfestival.nl/" target="_blank" rel="noopener"><img loading="lazy" decoding="async" class="alignright wp-image-3535 size-full" src="https://fietsenverhuurschiermonnikoog.com/wp-content/uploads/2022/09/buitengewoon.png" alt="" width="97" height="97" /></a>Wir freuen uns darauf, Sie zu einer unserer Aktivitäten oder einem Drink begrüßen zu dürfen. Schiermonnikoog ist die kleinste niederländische Watteninsel, aber sicherlich für große Gruppen geeignet.</p></div></div></div></div></div></section></div>[/vc_column][/vc_row][vc_row][vc_column tm_shadow=&#8220;yes&#8220; width=&#8220;1/2&#8243;]<div class="tm-sbox tm-sbox-iconalign-without-icon none tm-sbox-bgcolor-transparent tm-bgcolor-transparent tm-sbox-textcolor- tm-textcolor- tm-sbox-isize-md tm-sbox-isize-md tm-sbox-istyle-none vc_custom_1679311163929 tm-sbox-both-headings"><section class="tm-vc_cta3-container"><div class="tm-vc_general tm-vc_cta3 tm-vc_cta3-align-left tm-vc_cta3-icon-size-md tm-vc_cta3-icons-withouticon tm-vc_cta3-actions-no"><div class="tm-vc_cta3_content-container"><div class="tm-vc_cta3-content"><div class="tm-vc_cta3-content-header tm-wrap"><div class="tm-vc_cta3-headers tm-wrap-cell"><h2 class="tm-custom-heading " >Op Pad Schiermonnikoog</h2>
<h4 class="tm-custom-heading " >Entdecken Sie Schiermonnikoog zusammen mit Op Pad</h4>
</div></div></div><div class="tm-cta3-desc-btn-wrapper"><div class="tm-cta3-description"><div class="tm-cta3-content-wrapper"><p><a href="https://www.oppadschiermonnikoog.nl/"><img loading="lazy" decoding="async" class="alignright wp-image-3537" src="https://fietsenverhuurschiermonnikoog.com/wp-content/uploads/2022/09/oppad-300x200.png" alt="" width="200" height="133" srcset="https://fietsenverhuurschiermonnikoog.com/wp-content/uploads/2022/09/oppad-300x200.png 300w, https://fietsenverhuurschiermonnikoog.com/wp-content/uploads/2022/09/oppad.png 450w" sizes="auto, (max-width: 200px) 100vw, 200px" /></a>Wir liefern eine Kantinentasche, die mit einer interaktiven Radroute und lokalen Köstlichkeiten gefüllt ist, und Sie radeln, entdecken und genießen Sie.</p></div></div></div></div></div></section></div>[/vc_column][vc_column tm_shadow=&#8220;yes&#8220; width=&#8220;1/2&#8243;]<div class="tm-sbox tm-sbox-iconalign-without-icon none tm-sbox-bgcolor-transparent tm-bgcolor-transparent tm-sbox-textcolor- tm-textcolor- tm-sbox-isize-md tm-sbox-isize-md tm-sbox-istyle-none vc_custom_1679311184033 tm-sbox-both-headings"><section class="tm-vc_cta3-container"><div class="tm-vc_general tm-vc_cta3 tm-vc_cta3-align-left tm-vc_cta3-icon-size-md tm-vc_cta3-icons-withouticon tm-vc_cta3-actions-no"><div class="tm-vc_cta3_content-container"><div class="tm-vc_cta3-content"><div class="tm-vc_cta3-content-header tm-wrap"><div class="tm-vc_cta3-headers tm-wrap-cell"><h2 class="tm-custom-heading " >Alles rund ums Watt</h2>
<h4 class="tm-custom-heading " >Natürlich auf Schiermonnikoog!</h4>
</div></div></div><div class="tm-cta3-desc-btn-wrapper"><div class="tm-cta3-description"><div class="tm-cta3-content-wrapper"><p><a href="https://www.wadden.nl/schiermonnikoog" target="_blank" rel="noopener"><img loading="lazy" decoding="async" class="alignright wp-image-3539" src="https://fietsenverhuurschiermonnikoog.com/wp-content/uploads/2022/09/wadden.png" alt="" width="200" height="102" /></a>Alles über die Watte.</p></div></div></div></div></div></section></div>[/vc_column][/vc_row][vc_row][vc_column tm_shadow=&#8220;yes&#8220; width=&#8220;1/2&#8243;]<div class="tm-sbox tm-sbox-iconalign-without-icon none tm-sbox-bgcolor-transparent tm-bgcolor-transparent tm-sbox-textcolor- tm-textcolor- tm-sbox-isize-md tm-sbox-isize-md tm-sbox-istyle-none vc_custom_1679311201166 tm-sbox-both-headings"><section class="tm-vc_cta3-container"><div class="tm-vc_general tm-vc_cta3 tm-vc_cta3-align-left tm-vc_cta3-icon-size-md tm-vc_cta3-icons-withouticon tm-vc_cta3-actions-no"><div class="tm-vc_cta3_content-container"><div class="tm-vc_cta3-content"><div class="tm-vc_cta3-content-header tm-wrap"><div class="tm-vc_cta3-headers tm-wrap-cell"><h2 class="tm-custom-heading " >Gemeente Schiermonnikoog</h2>
<h4 class="tm-custom-heading " >Gemeinde Schiermonnikoog</h4>
</div></div></div><div class="tm-cta3-desc-btn-wrapper"><div class="tm-cta3-description"><div class="tm-cta3-content-wrapper"><p><a href="https://www.schiermonnikoog.nl/" target="_blank" rel="noopener"><img loading="lazy" decoding="async" class="alignright wp-image-3541" src="https://fietsenverhuurschiermonnikoog.com/wp-content/uploads/2022/09/gemeente.png" alt="" width="200" height="59" /></a>Auf unserer Website finden Sie Informationen über die Gemeinde Schiermonnikoog, den Vorstand und die Organisation, Nachrichten und die kommunalen Produkte und Dienstleistungen.</p></div></div></div></div></div></section></div>[/vc_column][vc_column tm_shadow=&#8220;yes&#8220; width=&#8220;1/2&#8243;]<div class="tm-sbox tm-sbox-iconalign-without-icon none tm-sbox-bgcolor-transparent tm-bgcolor-transparent tm-sbox-textcolor- tm-textcolor- tm-sbox-isize-md tm-sbox-isize-md tm-sbox-istyle-none vc_custom_1663314549625 tm-sbox-both-headings"><section class="tm-vc_cta3-container"><div class="tm-vc_general tm-vc_cta3 tm-vc_cta3-align-left tm-vc_cta3-icon-size-md tm-vc_cta3-icons-withouticon tm-vc_cta3-actions-no"><div class="tm-vc_cta3_content-container"><div class="tm-vc_cta3-content"><div class="tm-vc_cta3-content-header tm-wrap"><div class="tm-vc_cta3-headers tm-wrap-cell"><h2 class="tm-custom-heading " >VVV Schiermonnikoog</h2>
<h4 class="tm-custom-heading " >VVV Schiermonnikoog</h4>
</div></div></div><div class="tm-cta3-desc-btn-wrapper"><div class="tm-cta3-description"><div class="tm-cta3-content-wrapper"><p><a href="https://www.vvvschiermonnikoog.nl/" target="_blank" rel="noopener"><img loading="lazy" decoding="async" class="alignright wp-image-3544 size-full" src="https://fietsenverhuurschiermonnikoog.com/wp-content/uploads/2022/09/vvv.webp" alt="" width="200" height="67" /></a>VVV Schiermonnikoog.</p></div></div></div></div></div></section></div>[/vc_column][/vc_row][vc_row][vc_column tm_shadow=&#8220;yes&#8220; width=&#8220;1/2&#8243;]<div class="tm-sbox tm-sbox-iconalign-without-icon none tm-sbox-bgcolor-transparent tm-bgcolor-transparent tm-sbox-textcolor- tm-textcolor- tm-sbox-isize-md tm-sbox-isize-md tm-sbox-istyle-none vc_custom_1679311238315 tm-sbox-both-headings"><section class="tm-vc_cta3-container"><div class="tm-vc_general tm-vc_cta3 tm-vc_cta3-align-left tm-vc_cta3-icon-size-md tm-vc_cta3-icons-withouticon tm-vc_cta3-actions-no"><div class="tm-vc_cta3_content-container"><div class="tm-vc_cta3-content"><div class="tm-vc_cta3-content-header tm-wrap"><div class="tm-vc_cta3-headers tm-wrap-cell"><h2 class="tm-custom-heading " >Jachthaven Schiermonnikoog</h2>
<h4 class="tm-custom-heading " >Wir freuen uns, Sie in unserem Hafen begrüßen zu dürfen</h4>
</div></div></div><div class="tm-cta3-desc-btn-wrapper"><div class="tm-cta3-description"><div class="tm-cta3-content-wrapper"><p><a href="https://waddenhavenschiermonnikoog.nl/" target="_blank" rel="noopener"><img loading="lazy" decoding="async" class="aligncenter wp-image-3546" src="https://fietsenverhuurschiermonnikoog.com/wp-content/uploads/2022/09/blank.png" alt="" width="200" height="163" /></a>Zu Beginn der Saison wurde der Hafen durch Pflügen in die Tiefe gebracht. Der Schlamm wird bei der Flut auf Strom gesetzt. Wir bemühen uns sicherzustellen, dass ein Meter Wasser bei Ebbe im Hafen verbleibt. Das sogenannte Charterfach ist etwas weniger tief und wird bei Ebbe auf etwa 50 cm gebracht. Wasser verbleibt bei Ebbe im gesamten Hafen.</p></div></div></div></div></div></section></div>[/vc_column][vc_column tm_shadow=&#8220;yes&#8220; width=&#8220;1/2&#8243;][/vc_column][/vc_row]</p>
